s the highest common divisor of 12 and v?
6
Suppose 43 = 4*w + w + 3*g, -24 = -4*w - 5*g. Suppose 30*f + 1078 = 44*f. What is the highest common factor of w and f?
11
Let v(g) = -g**3 + 7*g**2 + 9*g + 2. Suppose 2*f - 7 = 3*i, -3*i = 2*f + f - 33. Let q be v(f). What is the greatest common factor of 40 and q?
10
Suppose -48*f + 45*f = -54. Suppose -t = 3*t - 504. What is the highest common factor of f and t?
18
Let z be 65/3 - 8/12. Calculate the highest common factor of z and 14.
7
Let m be -158 + 6/2 + -1. Let p = m + 292. What is the highest common divisor of 17 and p?
17
Let x(j) = -j**3 - 18*j**2 + 17*j - 22. Let i be x(-19). Calculate the highest common divisor of 64 and i.
16
Let d(r) = -3*r**3 + 4*r**2 - r**3 - 8*r - 5 + 5*r**3. Let p be d(-5). Calculate the greatest common factor of 15 and p.
5
Let a be -1 - (-7)/((-14)/(-40)). Let o = 2 + a. What is the highest common divisor of o and 189?
21
Suppose 2*g - 19 = 19. What is the highest common divisor of 152 and g?
19
Let r(n) = -34*n - 2. Suppose 6 = -o + 1. Let z be r(o). What is the greatest common divisor of 21 and z?
21
Suppose 0 = -5*l + 71 + 29. Suppose 0 = -z + 6*z - l. What is the highest common divisor of z and 44?
4
Let q(m) = m**3 - 7*m**2 + 5*m - 7. Let v be q(7). Suppose 4*r - 5 = 47. Let a = v - r. What is the highest common factor of a and 6?
3
Let a = 11 + -3. Suppose 0 = 2*p - p - a. Let b be -2 + p/2 + 79. Calculate the highest common factor of 9 and b.
9
Let c = -26 + 41. Suppose -2*o + 74 = -16. Calculate the greatest common factor of c and o.
15
Let j(p) = 8*p**2 + 3. Let g be j(3). Let h = 27 - -3. Calculate the greatest common factor of h and g.
15
Let t be (6/8)/((-6)/(-72)). Suppose -d - 1 = -4. Suppose -4*f + d*f = -99. Calculate the highest common divisor of t and f.
9
Let h(k) = -k + 1 - 9*k - 7*k. Let v be h(-2). What is the greatest common factor of 5 and v?
5
Let f(k) be the first derivative of -6*k**2 + 1. Let m be f(-2). Let d = -12 + m. Calculate the greatest common divisor of 2 and d.
2
Suppose 2*x + 19 + 5 = 0. Let h = x + 21. What is the greatest common divisor of 99 and h?
9
Let r = 53 + -26. Suppose r - 9 = 3*q. Let n(m) = m**2 + 6*m + 6. Let s be n(-6). What is the highest common factor of s and q?
6
Let a = 85 - 30. Calculate the highest common factor of 5 and a.
5
Suppose 118 = 2*n - 3*z - 77, 3*n + 4*z = 301. Calculate the highest common divisor of 9 and n.
9
Let v be -1 + (4 - (4 + -7)). Suppose l = 7 + v. What is the greatest common factor of 39 and l?
13
Let b = -180 - -279. What is the highest common factor of b and 9?
9
Let y be (0 + (-2)/(-4))*4. Let n(g) = 4*g + y*g**2 + 5 - 2*g - 1. Let k be n(-7). What is the highest common divisor of 11 and k?
11
Suppose -2*o - 4*n = -100, -2*o + 95 = -n - 0*n. What is the highest common factor of 6 and o?
6
Let f = 175 + -148. Calculate the greatest common factor of 63 and f.
9
Suppose 240 = -3*j + 7*j. Calculate the greatest common factor of j and 15.
15
Let x be 24/(10/4 - 1). What is the highest common divisor of 4 and x?
4
Let t be (-58)/(-10) - -4*(-5)/(-100). Let i = 5 - 3. Calculate the greatest common factor of i and t.
2
Let p(g) = -g**2 + g + 3. Let z be p(0). Suppose -4*d + 26 = -z*s, 0 = -4*d + 4*s - 6*s + 36. Calculate the highest common divisor of 56 and d.
8
Let m be (26/3)/(1/3). Let f(i) = 2*i + 2. Let x be f(-3). Let w be -78*(1 + 6/x). What is the greatest common divisor of w and m?
13
Suppose -11 = 5*i - 2*a - 31, 0 = 4*i + 3*a - 39. Calculate the highest common divisor of i and 15.
3
Suppose -5*g + 121 = -3*s, 0 = 2*g + g - 3*s - 69. Calculate the highest common factor of g and 130.
26
Let m = 94 - 6. What is the greatest common divisor of m and 16?
8
Let j = 103 - -74. Let f be (-3)/(-6) - j/(-6). Calculate the highest common divisor of f and 6.
6
Suppose g - 3*g + 582 = 0. Suppose 6*p - g = -21. What is the highest common factor of 30 and p?
15
Let q be -2*(4 - 3) + 94. What is the greatest common divisor of q and 23?
23
Let u(z) be the second derivative of z**4/6 - z**3/2 - 5*z**2/2 + 4*z. Let q be u(4). Let v = q + -5. Calculate the greatest common factor of v and 30.
10
Suppose -s = -5*s + 5*t + 57, 2*s + 2*t - 42 = 0. Suppose -3*m - c + 83 = 0, 0 = 3*m + 2*c - 55 - 30. Calculate the highest common divisor of s and m.
9
Let v(y) = 2*y**3 + 4*y - 8*y**2 - 3*y**3 + 0*y**3 + 5. Let u be v(-9). Suppose -4*f + 3*f + 20 = 0. What is the greatest common divisor of f and u?
10
Suppose -3*v + 10 = 1. What is the greatest common divisor of v and 12?
3
Let z be (2/6)/(3/108). What is the greatest common factor of z and 30?
6
Let h = -5 + 10. Suppose -l = 2*q - 4*l - 205, -25 = -h*l. Calculate the highest common divisor of 22 and q.
22
Let p(a) = a**3 + 5*a**2 - 2*a. Let d be p(-3). Calculate the highest common factor of d and 96.
24
Suppose -3*b = -b - 12. What is the greatest common divisor of 48 and b?
6
Let w(i) be the second derivative of i**5/20 - 5*i**4/4 - 8*i**3/3 + 3*i**2 + i. Let m be w(16). What is the highest common factor of m and 48?
6
Suppose 0 = 4*a - 17 - 15. Let b be 3/(-6) - (-100)/a. What is the highest common divisor of 60 and b?
12
Suppose 3*d = 2*d + 40. Calculate the highest common divisor of 5 and d.
5
Suppose -4*f + 89 = -3*g, 3*f + 4*g = -2*f + 88. Let m = 3 + f. Let t = m - 12. What is the greatest common divisor of t and 11?
11
Suppose 0 = 2*u + 3*u - w - 222, -141 = -3*u - 2*w. What is the greatest common factor of 18 and u?
9
Suppose 0*j - 9*j = -180. What is the greatest common divisor of 90 and j?
10
Let r = 23 + -10. Suppose s = -1 + r. Let b be 96/((-6)/(-2)) + -2. What is the greatest common divisor of s and b?
6
Let x be ((-6)/(-4))/(3/88). Let v = -64 - -68. What is the highest common divisor of x and v?
4
Suppose -u + 8 = -3. What is the highest common divisor of u and 88?
11
Let z(s) = -1 + 2*s + s + 0*s + 5. Let a be z(8). Calculate the highest common divisor of 14 and a.
14
Suppose 2*t + 64 = 2*m, 0 = 3*m - 4*t - 25 - 69. What is the greatest common divisor of m and 85?
17
Let j(m) = -3*m + 8. Let s be (-66)/8 + (-6)/8. Let c be j(s). What is the highest common divisor of c and 14?
7
Suppose -15*z - 45 = -18*z. What is the highest common divisor of 10 and z?
5
Suppose 3 = -3*k - f + 1, 4*k - 14 = 2*f. Let p = k - -1. Suppose 0*n + p*n + 10 = 4*l, -4*n + 45 = 5*l. What is the greatest common divisor of 5 and l?
5
Let k = -6 + 0. Let f(g) = -3*g - 7. Let o be f(k). What is the greatest common factor of 77 and o?
11
Suppose 0*l - 3*l = -39. Let h be (-3)/(-1)*1 + 13 + 10. Calculate the greatest common factor of h and l.
13
Suppose 3*m = 4*m - 5. Let o(a) = 2*a**3 - a**2 + a - 1. Let g be o(1). Let p be (-49)/(-2) + g/2. Calculate the greatest common factor of p and m.
5
Let f be (3 + 717/6)*2. What is the greatest common divisor of 49 and f?
49
Let m(x) = 2*x**3 - 4*x**2 + 2*x + 3. Let o be m(3). What is the highest common divisor of o and 189?
27
Let m(w) = -7*w**2 + 1. Let t be m(-1). Let a be 8/6*(-63)/t. Suppose -2*x + 5*i + 45 = 0, -5*x - 4*i = -i - 190. What is the highest common divisor of a and x?
7
Let f(s) = -18*s - 74. Let w be f(-6). Suppose -2*y - 5*v + 122 = -0*v, 0 = -2*y + 2*v + 94. What is the greatest common divisor of w and y?
17
Let l = -11 - -15. Suppose l = p - 13. Calculate the highest common factor of p and 153.
17
Let c = 31 - 23. Calculate the greatest common factor of 16 and c.
8
Let s = -88 + 94. Let a be (20/(-6))/(2/(-3)). Let t be a - -2 - (-3 - -1). What is the highest common factor of t and s?
3
Let u be 98 + (-7 + 1)/2. Suppose m = -u + 320. Calculate the greatest common divisor of m and 25.
25
Let r be 0 + 94 + 2 + 0. Suppose 2*p = 5*f - 90, -5*f - p + 6*p = -105. Suppose 0 = 3*u - 3, u + f = n + 5*u. What is the highest common divisor of r and n?
12
Suppose -7 = 5*n - 37. Calculate the greatest common factor of 9 and n.
3
Let y(t) = 2*t**3 - 31*t**2 + 22*t - 9. Let k be y(15). Calculate the greatest common divisor of k and 24.
24
Suppose 0 = -b + 1, 0*h - 2*b = 2*h - 54. Calculate the highest common divisor of h and 286.
26
Suppose -3*v - v = -5*h - 7, -2*h = -2. Suppose -9 = -r - 3*k, 3 = -2*r - v*k + 33. What is the highest common divisor of 14 and r?
7
Suppose -2*u + k = 5*k - 2, 5*k = 4*u - 56. Let o 